{"id":945,"date":"2026-03-31T08:50:00","date_gmt":"2026-03-31T08:50:00","guid":{"rendered":"https:\/\/allasborze.ppke.hu\/?page_id=945"},"modified":"2026-04-07T09:04:08","modified_gmt":"2026-04-07T09:04:08","slug":"pest-varmegyei-kormanyhivatal","status":"publish","type":"page","link":"https:\/\/allasborze.ppke.hu\/index.php\/kiallitoink\/pest-varmegyei-kormanyhivatal\/","title":{"rendered":"Pest V\u00e1rmegyei Korm\u00e1nyhivatal"},"content":{"rendered":"\t\t<div data-elementor-type=\"wp-page\" data-elementor-id=\"945\" class=\"elementor elementor-945\">\n\t\t\t\t\t\t<section class=\"elementor-section elementor-top-section elementor-element elementor-element-f983806 elementor-section-boxed elementor-section-height-default elementor-section-height-default\" data-id=\"f983806\" data-element_type=\"section\">\n\t\t\t\t\t\t<div class=\"elementor-container elementor-column-gap-default\">\n\t\t\t\t\t<div class=\"elementor-column elementor-col-100 elementor-top-column elementor-element elementor-element-9b92b6e\" data-id=\"9b92b6e\" data-element_type=\"column\">\n\t\t\t<div class=\"elementor-widget-wrap elementor-element-populated\">\n\t\t\t\t\t\t<div class=\"elementor-element elementor-element-a48942b elementor-widget elementor-widget-spacer\" data-id=\"a48942b\" data-element_type=\"widget\" data-widget_type=\"spacer.default\">\n\t\t\t\t<div class=\"elementor-widget-container\">\n\t\t\t<style>\/*! elementor - v3.23.0 - 25-07-2024 *\/\n.elementor-column .elementor-spacer-inner{height:var(--spacer-size)}.e-con{--container-widget-width:100%}.e-con-inner>.elementor-widget-spacer,.e-con>.elementor-widget-spacer{width:var(--container-widget-width,var(--spacer-size));--align-self:var(--container-widget-align-self,initial);--flex-shrink:0}.e-con-inner>.elementor-widget-spacer>.elementor-widget-container,.e-con>.elementor-widget-spacer>.elementor-widget-container{height:100%;width:100%}.e-con-inner>.elementor-widget-spacer>.elementor-widget-container>.elementor-spacer,.e-con>.elementor-widget-spacer>.elementor-widget-container>.elementor-spacer{height:100%}.e-con-inner>.elementor-widget-spacer>.elementor-widget-container>.elementor-spacer>.elementor-spacer-inner,.e-con>.elementor-widget-spacer>.elementor-widget-container>.elementor-spacer>.elementor-spacer-inner{height:var(--container-widget-height,var(--spacer-size))}.e-con-inner>.elementor-widget-spacer.elementor-widget-empty,.e-con>.elementor-widget-spacer.elementor-widget-empty{position:relative;min-height:22px;min-width:22px}.e-con-inner>.elementor-widget-spacer.elementor-widget-empty .elementor-widget-empty-icon,.e-con>.elementor-widget-spacer.elementor-widget-empty .elementor-widget-empty-icon{position:absolute;top:0;bottom:0;left:0;right:0;margin:auto;padding:0;width:22px;height:22px}<\/style>\t\t<div class=\"elementor-spacer\">\n\t\t\t<div class=\"elementor-spacer-inner\"><\/div>\n\t\t<\/div>\n\t\t\t\t<\/div>\n\t\t\t\t<\/div>\n\t\t\t\t\t<\/div>\n\t\t<\/div>\n\t\t\t\t\t<\/div>\n\t\t<\/section>\n\t\t\t\t<section class=\"elementor-section elementor-top-section elementor-element elementor-element-b1de7ae elementor-section-boxed elementor-section-height-default elementor-section-height-default\" data-id=\"b1de7ae\" data-element_type=\"section\">\n\t\t\t\t\t\t<div class=\"elementor-container elementor-column-gap-default\">\n\t\t\t\t\t<div class=\"elementor-column elementor-col-100 elementor-top-column elementor-element elementor-element-cd14668\" data-id=\"cd14668\" data-element_type=\"column\">\n\t\t\t<div class=\"elementor-widget-wrap elementor-element-populated\">\n\t\t\t\t\t\t<div class=\"elementor-element elementor-element-0036029 elementor-widget elementor-widget-heading\" data-id=\"0036029\" data-element_type=\"widget\" data-widget_type=\"heading.default\">\n\t\t\t\t<div class=\"elementor-widget-container\">\n\t\t\t<style>\/*! elementor - v3.23.0 - 25-07-2024 *\/\n.elementor-heading-title{padding:0;margin:0;line-height:1}.elementor-widget-heading .elementor-heading-title[class*=elementor-size-]>a{color:inherit;font-size:inherit;line-height:inherit}.elementor-widget-heading .elementor-heading-title.elementor-size-small{font-size:15px}.elementor-widget-heading .elementor-heading-title.elementor-size-medium{font-size:19px}.elementor-widget-heading .elementor-heading-title.elementor-size-large{font-size:29px}.elementor-widget-heading .elementor-heading-title.elementor-size-xl{font-size:39px}.elementor-widget-heading .elementor-heading-title.elementor-size-xxl{font-size:59px}<\/style><h2 class=\"elementor-heading-title elementor-size-default\">Pest V\u00e1rmegyei Korm\u00e1nyhivatal<\/h2>\t\t<\/div>\n\t\t\t\t<\/div>\n\t\t\t\t\t<\/div>\n\t\t<\/div>\n\t\t\t\t\t<\/div>\n\t\t<\/section>\n\t\t\t\t<section class=\"elementor-section elementor-top-section elementor-element elementor-element-b4c9213 elementor-section-boxed elementor-section-height-default elementor-section-height-default\" data-id=\"b4c9213\" data-element_type=\"section\">\n\t\t\t\t\t\t<div class=\"elementor-container elementor-column-gap-default\">\n\t\t\t\t\t<div class=\"elementor-column elementor-col-50 elementor-top-column elementor-element elementor-element-0430d35\" data-id=\"0430d35\" data-element_type=\"column\">\n\t\t\t<div class=\"elementor-widget-wrap elementor-element-populated\">\n\t\t\t\t\t\t<div class=\"elementor-element elementor-element-60eeb37 elementor-widget elementor-widget-text-editor\" data-id=\"60eeb37\" data-element_type=\"widget\" data-widget_type=\"text-editor.default\">\n\t\t\t\t<div class=\"elementor-widget-container\">\n\t\t\t<style>\/*! elementor - v3.23.0 - 25-07-2024 *\/\n.elementor-widget-text-editor.elementor-drop-cap-view-stacked .elementor-drop-cap{background-color:#69727d;color:#fff}.elementor-widget-text-editor.elementor-drop-cap-view-framed .elementor-drop-cap{color:#69727d;border:3px solid;background-color:transparent}.elementor-widget-text-editor:not(.elementor-drop-cap-view-default) .elementor-drop-cap{margin-top:8px}.elementor-widget-text-editor:not(.elementor-drop-cap-view-default) .elementor-drop-cap-letter{width:1em;height:1em}.elementor-widget-text-editor .elementor-drop-cap{float:left;text-align:center;line-height:1;font-size:50px}.elementor-widget-text-editor .elementor-drop-cap-letter{display:inline-block}<\/style>\t\t\t\t<p>A Pest V\u00e1rmegyei Korm\u00e1nyhivatal sz\u00e9khelye: 1052 Budapest, V\u00e1rosh\u00e1z utca 7.<\/p><p>Foglalkoztatottak sz\u00e1ma: 3370 f\u0151<\/p><p>\u00a0<\/p><p>Az al\u00e1bbi szakter\u00fcletekkel foglalkozunk:<\/p><p>Agr\u00e1r- \u00e9s Vid\u00e9kfejleszt\u00e9s, Agr\u00e1r\u00fcgy, Csal\u00e1dt\u00e1mogat\u00e1s, \u00c9lelmiszer-biztons\u00e1g, \u00c9p\u00edt\u00e9s\u00fcgy \u00e9s \u00d6r\u00f6ks\u00e9gv\u00e9delem, Feln\u0151ttk\u00e9pz\u00e9s, Foglalkoztat\u00e1s-fel\u00fcgyelet \u00e9s Munkav\u00e9delem, Fogyaszt\u00f3v\u00e9delem, Gy\u00e1m\u00fcgy \u00e9s Igazs\u00e1g\u00fcgy, F\u00f6ldhivatal, K\u00f6rnyezet-, Term\u00e9szetv\u00e9delem \u00e9s Hullad\u00e9kgazd\u00e1lkod\u00e1s, K\u00f6zleked\u00e9sfel\u00fcgyelet, T\u00f6rv\u00e9nyess\u00e9gi Fel\u00fcgyelet, T\u0171zv\u00e9delem, Iparbiztons\u00e1g \u00e9s V\u00edz\u00fcgy<\/p><p>\u00a0<\/p><p>A f\u0151v\u00e1rosi \u00e9s v\u00e1rmegyei korm\u00e1nyhivatalok\u00a0a korm\u00e1ny \u00e1ltal\u00e1nos hat\u00e1sk\u00f6r\u0171 ter\u00fcleti korm\u00e1nyzati igazgat\u00e1si szervei, a ter\u00fcleti k\u00f6zigazgat\u00e1s legnagyobb egys\u00e9gei. \u00d6sszehangolj\u00e1k \u00e9s el\u0151seg\u00edtik a korm\u00e1nyzati feladatok ter\u00fcleti v\u00e9grehajt\u00e1s\u00e1t, emellett hat\u00f3s\u00e1gi, fel\u00fcgyeleti, jogorvoslati, ellen\u0151rz\u00e9si, koordin\u00e1ci\u00f3s, t\u00e1j\u00e9koz\u00f3d\u00e1si, javaslattev\u0151 \u00e9s v\u00e9lem\u00e9nyez\u00e9si jogk\u00f6r\u00f6kkel rendelkeznek. A korm\u00e1nyhivatalok fontos feladata a\u00a0\u201eSzolg\u00e1ltat\u00f3 \u00c1llam\u201d\u00a0megjelen\u00edt\u00e9se, illetve magas sz\u00ednvonal\u00fa k\u00f6zszolg\u00e1ltat\u00e1sok biztos\u00edt\u00e1sa az \u00e1llampolg\u00e1rok \u00e9s a v\u00e1llalkoz\u00e1sok sz\u00e1m\u00e1ra.<\/p>\t\t\t\t\t\t<\/div>\n\t\t\t\t<\/div>\n\t\t\t\t\t<\/div>\n\t\t<\/div>\n\t\t\t\t<div class=\"elementor-column elementor-col-50 elementor-top-column elementor-element elementor-element-aaea501\" data-id=\"aaea501\" data-element_type=\"column\">\n\t\t\t<div class=\"elementor-widget-wrap elementor-element-populated\">\n\t\t\t\t\t\t<div class=\"elementor-element elementor-element-2a8a81a elementor-widget elementor-widget-image\" data-id=\"2a8a81a\" data-element_type=\"widget\" data-widget_type=\"image.default\">\n\t\t\t\t<div class=\"elementor-widget-container\">\n\t\t\t<style>\/*! elementor - v3.23.0 - 25-07-2024 *\/\n.elementor-widget-image{text-align:center}.elementor-widget-image a{display:inline-block}.elementor-widget-image a img[src$=\".svg\"]{width:48px}.elementor-widget-image img{vertical-align:middle;display:inline-block}<\/style>\t\t\t\t\t\t\t\t\t\t<img decoding=\"async\" width=\"213\" height=\"225\" src=\"https:\/\/allasborze.ppke.hu\/wp-content\/uploads\/2026\/03\/PVKH-logo-e1774947151554.png\" class=\"attachment-large size-large wp-image-842\" alt=\"\" \/>\t\t\t\t\t\t\t\t\t\t\t\t\t<\/div>\n\t\t\t\t<\/div>\n\t\t\t\t\t<\/div>\n\t\t<\/div>\n\t\t\t\t\t<\/div>\n\t\t<\/section>\n\t\t\t\t<section class=\"elementor-section elementor-top-section elementor-element elementor-element-f6ef704 elementor-section-boxed elementor-section-height-default elementor-section-height-default\" data-id=\"f6ef704\" data-element_type=\"section\">\n\t\t\t\t\t\t<div class=\"elementor-container elementor-column-gap-default\">\n\t\t\t\t\t<div class=\"elementor-column elementor-col-100 elementor-top-column elementor-element elementor-element-074d3f7\" data-id=\"074d3f7\" data-element_type=\"column\">\n\t\t\t<div class=\"elementor-widget-wrap\">\n\t\t\t\t\t\t\t<\/div>\n\t\t<\/div>\n\t\t\t\t\t<\/div>\n\t\t<\/section>\n\t\t\t\t<\/div>\n\t\t","protected":false},"excerpt":{"rendered":"<p>Pest V\u00e1rmegyei Korm\u00e1nyhivatal A Pest V\u00e1rmegyei Korm\u00e1nyhivatal sz\u00e9khelye: 1052 Budapest, V\u00e1rosh\u00e1z utca 7. Foglalkoztatottak sz\u00e1ma: 3370 f\u0151 \u00a0 Az al\u00e1bbi szakter\u00fcletekkel foglalkozunk: Agr\u00e1r- \u00e9s Vid\u00e9kfejleszt\u00e9s, Agr\u00e1r\u00fcgy, Csal\u00e1dt\u00e1mogat\u00e1s, \u00c9lelmiszer-biztons\u00e1g, \u00c9p\u00edt\u00e9s\u00fcgy \u00e9s \u00d6r\u00f6ks\u00e9gv\u00e9delem, Feln\u0151ttk\u00e9pz\u00e9s, Foglalkoztat\u00e1s-fel\u00fcgyelet \u00e9s Munkav\u00e9delem, Fogyaszt\u00f3v\u00e9delem, Gy\u00e1m\u00fcgy \u00e9s Igazs\u00e1g\u00fcgy, F\u00f6ldhivatal, K\u00f6rnyezet-, Term\u00e9szetv\u00e9delem \u00e9s Hullad\u00e9kgazd\u00e1lkod\u00e1s, K\u00f6zleked\u00e9sfel\u00fcgyelet, T\u00f6rv\u00e9nyess\u00e9gi Fel\u00fcgyelet, T\u0171zv\u00e9delem, Iparbiztons\u00e1g \u00e9s V\u00edz\u00fcgy \u00a0 A f\u0151v\u00e1rosi \u00e9s v\u00e1rmegyei korm\u00e1nyhivatalok\u00a0a korm\u00e1ny \u00e1ltal\u00e1nos hat\u00e1sk\u00f6r\u0171 [&hellip;]<\/p>\n","protected":false},"author":2,"featured_media":0,"parent":211,"menu_order":0,"comment_status":"closed","ping_status":"closed","template":"elementor_header_footer","meta":{"footnotes":""},"class_list":["post-945","page","type-page","status-publish","hentry"],"_links":{"self":[{"href":"https:\/\/allasborze.ppke.hu\/index.php\/wp-json\/wp\/v2\/pages\/945","targetHints":{"allow":["GET"]}}],"collection":[{"href":"https:\/\/allasborze.ppke.hu\/index.php\/wp-json\/wp\/v2\/pages"}],"about":[{"href":"https:\/\/allasborze.ppke.hu\/index.php\/wp-json\/wp\/v2\/types\/page"}],"author":[{"embeddable":true,"href":"https:\/\/allasborze.ppke.hu\/index.php\/wp-json\/wp\/v2\/users\/2"}],"replies":[{"embeddable":true,"href":"https:\/\/allasborze.ppke.hu\/index.php\/wp-json\/wp\/v2\/comments?post=945"}],"version-history":[{"count":11,"href":"https:\/\/allasborze.ppke.hu\/index.php\/wp-json\/wp\/v2\/pages\/945\/revisions"}],"predecessor-version":[{"id":1174,"href":"https:\/\/allasborze.ppke.hu\/index.php\/wp-json\/wp\/v2\/pages\/945\/revisions\/1174"}],"up":[{"embeddable":true,"href":"https:\/\/allasborze.ppke.hu\/index.php\/wp-json\/wp\/v2\/pages\/211"}],"wp:attachment":[{"href":"https:\/\/allasborze.ppke.hu\/index.php\/wp-json\/wp\/v2\/media?parent=945"}],"curies":[{"name":"wp","href":"https:\/\/api.w.org\/{rel}","templated":true}]}}