{"id":933,"date":"2026-03-31T08:42:09","date_gmt":"2026-03-31T08:42:09","guid":{"rendered":"https:\/\/allasborze.ppke.hu\/?page_id=933"},"modified":"2026-04-15T07:53:18","modified_gmt":"2026-04-15T07:53:18","slug":"magyar-kozigazgatasi-osztondijprogram","status":"publish","type":"page","link":"https:\/\/allasborze.ppke.hu\/index.php\/kiallitoink\/magyar-kozigazgatasi-osztondijprogram\/","title":{"rendered":"Magyar K\u00f6zigazgat\u00e1si \u00d6szt\u00f6nd\u00edjprogram"},"content":{"rendered":"\t\t<div data-elementor-type=\"wp-page\" data-elementor-id=\"933\" class=\"elementor elementor-933\">\n\t\t\t\t\t\t<section class=\"elementor-section elementor-top-section elementor-element elementor-element-40bce85 elementor-section-boxed elementor-section-height-default elementor-section-height-default\" data-id=\"40bce85\" data-element_type=\"section\">\n\t\t\t\t\t\t<div class=\"elementor-container elementor-column-gap-default\">\n\t\t\t\t\t<div class=\"elementor-column elementor-col-100 elementor-top-column elementor-element elementor-element-86e46a0\" data-id=\"86e46a0\" data-element_type=\"column\">\n\t\t\t<div class=\"elementor-widget-wrap elementor-element-populated\">\n\t\t\t\t\t\t<div class=\"elementor-element elementor-element-8ba8f4e elementor-widget elementor-widget-spacer\" data-id=\"8ba8f4e\" data-element_type=\"widget\" data-widget_type=\"spacer.default\">\n\t\t\t\t<div class=\"elementor-widget-container\">\n\t\t\t<style>\/*! elementor - v3.23.0 - 25-07-2024 *\/\n.elementor-column .elementor-spacer-inner{height:var(--spacer-size)}.e-con{--container-widget-width:100%}.e-con-inner>.elementor-widget-spacer,.e-con>.elementor-widget-spacer{width:var(--container-widget-width,var(--spacer-size));--align-self:var(--container-widget-align-self,initial);--flex-shrink:0}.e-con-inner>.elementor-widget-spacer>.elementor-widget-container,.e-con>.elementor-widget-spacer>.elementor-widget-container{height:100%;width:100%}.e-con-inner>.elementor-widget-spacer>.elementor-widget-container>.elementor-spacer,.e-con>.elementor-widget-spacer>.elementor-widget-container>.elementor-spacer{height:100%}.e-con-inner>.elementor-widget-spacer>.elementor-widget-container>.elementor-spacer>.elementor-spacer-inner,.e-con>.elementor-widget-spacer>.elementor-widget-container>.elementor-spacer>.elementor-spacer-inner{height:var(--container-widget-height,var(--spacer-size))}.e-con-inner>.elementor-widget-spacer.elementor-widget-empty,.e-con>.elementor-widget-spacer.elementor-widget-empty{position:relative;min-height:22px;min-width:22px}.e-con-inner>.elementor-widget-spacer.elementor-widget-empty .elementor-widget-empty-icon,.e-con>.elementor-widget-spacer.elementor-widget-empty .elementor-widget-empty-icon{position:absolute;top:0;bottom:0;left:0;right:0;margin:auto;padding:0;width:22px;height:22px}<\/style>\t\t<div class=\"elementor-spacer\">\n\t\t\t<div class=\"elementor-spacer-inner\"><\/div>\n\t\t<\/div>\n\t\t\t\t<\/div>\n\t\t\t\t<\/div>\n\t\t\t\t\t<\/div>\n\t\t<\/div>\n\t\t\t\t\t<\/div>\n\t\t<\/section>\n\t\t\t\t<section class=\"elementor-section elementor-top-section elementor-element elementor-element-d8a6be2 elementor-section-boxed elementor-section-height-default elementor-section-height-default\" data-id=\"d8a6be2\" data-element_type=\"section\">\n\t\t\t\t\t\t<div class=\"elementor-container elementor-column-gap-default\">\n\t\t\t\t\t<div class=\"elementor-column elementor-col-100 elementor-top-column elementor-element elementor-element-98527ca\" data-id=\"98527ca\" data-element_type=\"column\">\n\t\t\t<div class=\"elementor-widget-wrap elementor-element-populated\">\n\t\t\t\t\t\t<div class=\"elementor-element elementor-element-66e7a5a elementor-widget elementor-widget-heading\" data-id=\"66e7a5a\" data-element_type=\"widget\" data-widget_type=\"heading.default\">\n\t\t\t\t<div class=\"elementor-widget-container\">\n\t\t\t<style>\/*! elementor - v3.23.0 - 25-07-2024 *\/\n.elementor-heading-title{padding:0;margin:0;line-height:1}.elementor-widget-heading .elementor-heading-title[class*=elementor-size-]>a{color:inherit;font-size:inherit;line-height:inherit}.elementor-widget-heading .elementor-heading-title.elementor-size-small{font-size:15px}.elementor-widget-heading .elementor-heading-title.elementor-size-medium{font-size:19px}.elementor-widget-heading .elementor-heading-title.elementor-size-large{font-size:29px}.elementor-widget-heading .elementor-heading-title.elementor-size-xl{font-size:39px}.elementor-widget-heading .elementor-heading-title.elementor-size-xxl{font-size:59px}<\/style><h2 class=\"elementor-heading-title elementor-size-default\">Magyar K\u00f6zigazgat\u00e1si \u00d6szt\u00f6nd\u00edjprogram<\/h2>\t\t<\/div>\n\t\t\t\t<\/div>\n\t\t\t\t\t<\/div>\n\t\t<\/div>\n\t\t\t\t\t<\/div>\n\t\t<\/section>\n\t\t\t\t<section class=\"elementor-section elementor-top-section elementor-element elementor-element-8a360b6 elementor-section-boxed elementor-section-height-default elementor-section-height-default\" data-id=\"8a360b6\" data-element_type=\"section\">\n\t\t\t\t\t\t<div class=\"elementor-container elementor-column-gap-default\">\n\t\t\t\t\t<div class=\"elementor-column elementor-col-50 elementor-top-column elementor-element elementor-element-54b5809\" data-id=\"54b5809\" data-element_type=\"column\">\n\t\t\t<div class=\"elementor-widget-wrap elementor-element-populated\">\n\t\t\t\t\t\t<div class=\"elementor-element elementor-element-8c99671 elementor-widget__width-initial elementor-widget elementor-widget-text-editor\" data-id=\"8c99671\" data-element_type=\"widget\" data-widget_type=\"text-editor.default\">\n\t\t\t\t<div class=\"elementor-widget-container\">\n\t\t\t<style>\/*! elementor - v3.23.0 - 25-07-2024 *\/\n.elementor-widget-text-editor.elementor-drop-cap-view-stacked .elementor-drop-cap{background-color:#69727d;color:#fff}.elementor-widget-text-editor.elementor-drop-cap-view-framed .elementor-drop-cap{color:#69727d;border:3px solid;background-color:transparent}.elementor-widget-text-editor:not(.elementor-drop-cap-view-default) .elementor-drop-cap{margin-top:8px}.elementor-widget-text-editor:not(.elementor-drop-cap-view-default) .elementor-drop-cap-letter{width:1em;height:1em}.elementor-widget-text-editor .elementor-drop-cap{float:left;text-align:center;line-height:1;font-size:50px}.elementor-widget-text-editor .elementor-drop-cap-letter{display:inline-block}<\/style>\t\t\t\t<p>K\u00e9szen \u00e1llsz, hogy friss diplom\u00e1sk\u00e9nt elind\u00edtsd a karriered?<\/p><p>Belel\u00e1tn\u00e1l a miniszt\u00e9riumi munk\u00e1ba, \u00e9s nem riadsz el a k\u00fclszolg\u00e1latt\u00f3l sem?<\/p><p>Ha a v\u00e1laszod mindk\u00e9t k\u00e9rd\u00e9sre <em>igen<\/em> volt, a <strong>Magyar K\u00f6zigazgat\u00e1si \u00d6szt\u00f6nd\u00edjprogram<\/strong> R\u00e1d v\u00e1r!<\/p><p>Az MK\u00d6 a Korm\u00e1ny ut\u00e1np\u00f3tl\u00e1sk\u00e9pz\u0151, karrierind\u00edt\u00f3 programja, amely 30 \u00e9v alatti, diplom\u00e1s \u00e9s idegen nyelveket besz\u00e9l\u0151 fiataloknak sz\u00f3l, akik:<\/p><p><strong>&#8211; 7 h\u00f3nap<\/strong> szakmai tapasztalatot szerezhetnek egy hazai miniszt\u00e9riumban, valamint<\/p><p><strong>&#8211; 3 h\u00f3napot<\/strong> k\u00fclf\u00f6ld\u00f6n t\u00f6lthetnek Magyarorsz\u00e1g k\u00fclk\u00e9pviseleti szervein\u00e9l<\/p><p>Az MK\u00d6 \u00f6szt\u00f6nd\u00edjasai a mentor\u00e1l\u00e1s \u00e9s heti izgalmas, k\u00f6z\u00f6ss\u00e9g\u00e9p\u00edt\u0151 programok mellett a belf\u00f6ldi \u00e9s k\u00fclf\u00f6ldi programszakasz alatt egyar\u00e1nt emelt \u00f6sszeg\u0171, ad\u00f3- \u00e9s j\u00e1rul\u00e9kmentes \u00f6szt\u00f6nd\u00edjban r\u00e9szes\u00fclnek<\/p><p>Az \u00f6szt\u00f6nd\u00edjprogramba val\u00f3 jelentkez\u00e9s minden \u00e9vben \u0151sszel zajlik. A <span id=\"OBJ_PREFIX_DWT2299_com_zimbra_date\" class=\"Object\" role=\"link\">k<\/span>\u00f6vetkez\u0151 jelentkez\u00e9si id\u0151szak 2026. <span id=\"OBJ_PREFIX_DWT2283_com_zimbra_date\" class=\"Object\" role=\"link\"><span id=\"OBJ_PREFIX_DWT2300_com_zimbra_date\" class=\"Object\" role=\"link\">szeptember 15<\/span>&#8211;<\/span>t\u0151l <span id=\"OBJ_PREFIX_DWT2284_com_zimbra_date\" class=\"Object\" role=\"link\"><span id=\"OBJ_PREFIX_DWT2301_com_zimbra_date\" class=\"Object\" role=\"link\">okt\u00f3ber 15<\/span>&#8211;<\/span>ig tart.<\/p><p>\u00a0<\/p><p><strong>Tov\u00e1bbi inform\u00e1ci\u00f3k <a href=\"https:\/\/www.mkoprogram.hu\/\" target=\"_blank\" rel=\"noopener\">ITT<\/a>.<\/strong><\/p>\t\t\t\t\t\t<\/div>\n\t\t\t\t<\/div>\n\t\t\t\t\t<\/div>\n\t\t<\/div>\n\t\t\t\t<div class=\"elementor-column elementor-col-50 elementor-top-column elementor-element elementor-element-0e0998b\" data-id=\"0e0998b\" data-element_type=\"column\">\n\t\t\t<div class=\"elementor-widget-wrap elementor-element-populated\">\n\t\t\t\t\t\t<div class=\"elementor-element elementor-element-9b15140 elementor-widget elementor-widget-image\" data-id=\"9b15140\" data-element_type=\"widget\" data-widget_type=\"image.default\">\n\t\t\t\t<div class=\"elementor-widget-container\">\n\t\t\t<style>\/*! elementor - v3.23.0 - 25-07-2024 *\/\n.elementor-widget-image{text-align:center}.elementor-widget-image a{display:inline-block}.elementor-widget-image a img[src$=\".svg\"]{width:48px}.elementor-widget-image img{vertical-align:middle;display:inline-block}<\/style>\t\t\t\t\t\t\t\t\t\t<img fetchpriority=\"high\" decoding=\"async\" width=\"640\" height=\"640\" src=\"https:\/\/allasborze.ppke.hu\/wp-content\/uploads\/2026\/03\/MKOP_2025_emblem_black-1024x1024.png\" class=\"attachment-large size-large wp-image-853\" alt=\"\" srcset=\"https:\/\/allasborze.ppke.hu\/wp-content\/uploads\/2026\/03\/MKOP_2025_emblem_black-1024x1024.png 1024w, https:\/\/allasborze.ppke.hu\/wp-content\/uploads\/2026\/03\/MKOP_2025_emblem_black-300x300.png 300w, https:\/\/allasborze.ppke.hu\/wp-content\/uploads\/2026\/03\/MKOP_2025_emblem_black-150x150.png 150w, https:\/\/allasborze.ppke.hu\/wp-content\/uploads\/2026\/03\/MKOP_2025_emblem_black-768x768.png 768w, https:\/\/allasborze.ppke.hu\/wp-content\/uploads\/2026\/03\/MKOP_2025_emblem_black-1536x1536.png 1536w, https:\/\/allasborze.ppke.hu\/wp-content\/uploads\/2026\/03\/MKOP_2025_emblem_black-2048x2048.png 2048w\" sizes=\"(max-width: 640px) 100vw, 640px\" \/>\t\t\t\t\t\t\t\t\t\t\t\t\t<\/div>\n\t\t\t\t<\/div>\n\t\t\t\t\t<\/div>\n\t\t<\/div>\n\t\t\t\t\t<\/div>\n\t\t<\/section>\n\t\t\t\t<section class=\"elementor-section elementor-top-section elementor-element elementor-element-969a1a8 elementor-section-boxed elementor-section-height-default elementor-section-height-default\" data-id=\"969a1a8\" data-element_type=\"section\">\n\t\t\t\t\t\t<div class=\"elementor-container elementor-column-gap-default\">\n\t\t\t\t\t<div class=\"elementor-column elementor-col-100 elementor-top-column elementor-element elementor-element-9ccfa2c\" data-id=\"9ccfa2c\" data-element_type=\"column\">\n\t\t\t<div class=\"elementor-widget-wrap elementor-element-populated\">\n\t\t\t\t\t\t<div class=\"elementor-element elementor-element-0b0da11 elementor-widget elementor-widget-video\" data-id=\"0b0da11\" data-element_type=\"widget\" data-settings=\"{&quot;youtube_url&quot;:&quot;https:\\\/\\\/www.youtube.com\\\/watch?v=CzEcfPyt8fU&quot;,&quot;video_type&quot;:&quot;youtube&quot;,&quot;controls&quot;:&quot;yes&quot;}\" data-widget_type=\"video.default\">\n\t\t\t\t<div class=\"elementor-widget-container\">\n\t\t\t<style>\/*! elementor - v3.23.0 - 25-07-2024 *\/\n.elementor-widget-video .elementor-widget-container{overflow:hidden;transform:translateZ(0)}.elementor-widget-video .elementor-wrapper{aspect-ratio:var(--video-aspect-ratio)}.elementor-widget-video .elementor-wrapper iframe,.elementor-widget-video .elementor-wrapper video{height:100%;width:100%;display:flex;border:none;background-color:#000}@supports not (aspect-ratio:1\/1){.elementor-widget-video .elementor-wrapper{position:relative;overflow:hidden;height:0;padding-bottom:calc(100% \/ var(--video-aspect-ratio))}.elementor-widget-video .elementor-wrapper iframe,.elementor-widget-video .elementor-wrapper video{position:absolute;top:0;right:0;bottom:0;left:0}}.elementor-widget-video .elementor-open-inline .elementor-custom-embed-image-overlay{position:absolute;top:0;right:0;bottom:0;left:0;background-size:cover;background-position:50%}.elementor-widget-video .elementor-custom-embed-image-overlay{cursor:pointer;text-align:center}.elementor-widget-video .elementor-custom-embed-image-overlay:hover .elementor-custom-embed-play i{opacity:1}.elementor-widget-video .elementor-custom-embed-image-overlay img{display:block;width:100%;aspect-ratio:var(--video-aspect-ratio);-o-object-fit:cover;object-fit:cover;-o-object-position:center center;object-position:center center}@supports not (aspect-ratio:1\/1){.elementor-widget-video .elementor-custom-embed-image-overlay{position:relative;overflow:hidden;height:0;padding-bottom:calc(100% \/ var(--video-aspect-ratio))}.elementor-widget-video .elementor-custom-embed-image-overlay img{position:absolute;top:0;right:0;bottom:0;left:0}}.elementor-widget-video .e-hosted-video .elementor-video{-o-object-fit:cover;object-fit:cover}.e-con-inner>.elementor-widget-video,.e-con>.elementor-widget-video{width:var(--container-widget-width);--flex-grow:var(--container-widget-flex-grow)}<\/style>\t\t<div class=\"elementor-wrapper elementor-open-inline\">\n\t\t\t<div class=\"elementor-video\"><\/div>\t\t<\/div>\n\t\t\t\t<\/div>\n\t\t\t\t<\/div>\n\t\t\t\t\t<\/div>\n\t\t<\/div>\n\t\t\t\t\t<\/div>\n\t\t<\/section>\n\t\t\t\t<\/div>\n\t\t","protected":false},"excerpt":{"rendered":"<p>Magyar K\u00f6zigazgat\u00e1si \u00d6szt\u00f6nd\u00edjprogram K\u00e9szen \u00e1llsz, hogy friss diplom\u00e1sk\u00e9nt elind\u00edtsd a karriered? Belel\u00e1tn\u00e1l a miniszt\u00e9riumi munk\u00e1ba, \u00e9s nem riadsz el a k\u00fclszolg\u00e1latt\u00f3l sem? Ha a v\u00e1laszod mindk\u00e9t k\u00e9rd\u00e9sre igen volt, a Magyar K\u00f6zigazgat\u00e1si \u00d6szt\u00f6nd\u00edjprogram R\u00e1d v\u00e1r! Az MK\u00d6 a Korm\u00e1ny ut\u00e1np\u00f3tl\u00e1sk\u00e9pz\u0151, karrierind\u00edt\u00f3 programja, amely 30 \u00e9v alatti, diplom\u00e1s \u00e9s idegen nyelveket besz\u00e9l\u0151 fiataloknak sz\u00f3l, akik: &#8211; 7 h\u00f3nap szakmai tapasztalatot szerezhetnek [&hellip;]<\/p>\n","protected":false},"author":2,"featured_media":0,"parent":211,"menu_order":0,"comment_status":"closed","ping_status":"closed","template":"elementor_header_footer","meta":{"footnotes":""},"class_list":["post-933","page","type-page","status-publish","hentry"],"_links":{"self":[{"href":"https:\/\/allasborze.ppke.hu\/index.php\/wp-json\/wp\/v2\/pages\/933","targetHints":{"allow":["GET"]}}],"collection":[{"href":"https:\/\/allasborze.ppke.hu\/index.php\/wp-json\/wp\/v2\/pages"}],"about":[{"href":"https:\/\/allasborze.ppke.hu\/index.php\/wp-json\/wp\/v2\/types\/page"}],"author":[{"embeddable":true,"href":"https:\/\/allasborze.ppke.hu\/index.php\/wp-json\/wp\/v2\/users\/2"}],"replies":[{"embeddable":true,"href":"https:\/\/allasborze.ppke.hu\/index.php\/wp-json\/wp\/v2\/comments?post=933"}],"version-history":[{"count":11,"href":"https:\/\/allasborze.ppke.hu\/index.php\/wp-json\/wp\/v2\/pages\/933\/revisions"}],"predecessor-version":[{"id":1330,"href":"https:\/\/allasborze.ppke.hu\/index.php\/wp-json\/wp\/v2\/pages\/933\/revisions\/1330"}],"up":[{"embeddable":true,"href":"https:\/\/allasborze.ppke.hu\/index.php\/wp-json\/wp\/v2\/pages\/211"}],"wp:attachment":[{"href":"https:\/\/allasborze.ppke.hu\/index.php\/wp-json\/wp\/v2\/media?parent=933"}],"curies":[{"name":"wp","href":"https:\/\/api.w.org\/{rel}","templated":true}]}}