{"id":927,"date":"2026-03-31T08:38:11","date_gmt":"2026-03-31T08:38:11","guid":{"rendered":"https:\/\/allasborze.ppke.hu\/?page_id=927"},"modified":"2026-04-15T07:51:21","modified_gmt":"2026-04-15T07:51:21","slug":"eudiakok","status":"publish","type":"page","link":"https:\/\/allasborze.ppke.hu\/index.php\/kiallitoink\/eudiakok\/","title":{"rendered":"euDi\u00e1kok"},"content":{"rendered":"\t\t<div data-elementor-type=\"wp-page\" data-elementor-id=\"927\" class=\"elementor elementor-927\">\n\t\t\t\t\t\t<section class=\"elementor-section elementor-top-section elementor-element elementor-element-dc8a0df elementor-section-boxed elementor-section-height-default elementor-section-height-default\" data-id=\"dc8a0df\" data-element_type=\"section\">\n\t\t\t\t\t\t<div class=\"elementor-container elementor-column-gap-default\">\n\t\t\t\t\t<div class=\"elementor-column elementor-col-100 elementor-top-column elementor-element elementor-element-3f29d57\" data-id=\"3f29d57\" data-element_type=\"column\">\n\t\t\t<div class=\"elementor-widget-wrap elementor-element-populated\">\n\t\t\t\t\t\t<div class=\"elementor-element elementor-element-5f95e18 elementor-widget elementor-widget-spacer\" data-id=\"5f95e18\" data-element_type=\"widget\" data-widget_type=\"spacer.default\">\n\t\t\t\t<div class=\"elementor-widget-container\">\n\t\t\t<style>\/*! elementor - v3.23.0 - 25-07-2024 *\/\n.elementor-column .elementor-spacer-inner{height:var(--spacer-size)}.e-con{--container-widget-width:100%}.e-con-inner>.elementor-widget-spacer,.e-con>.elementor-widget-spacer{width:var(--container-widget-width,var(--spacer-size));--align-self:var(--container-widget-align-self,initial);--flex-shrink:0}.e-con-inner>.elementor-widget-spacer>.elementor-widget-container,.e-con>.elementor-widget-spacer>.elementor-widget-container{height:100%;width:100%}.e-con-inner>.elementor-widget-spacer>.elementor-widget-container>.elementor-spacer,.e-con>.elementor-widget-spacer>.elementor-widget-container>.elementor-spacer{height:100%}.e-con-inner>.elementor-widget-spacer>.elementor-widget-container>.elementor-spacer>.elementor-spacer-inner,.e-con>.elementor-widget-spacer>.elementor-widget-container>.elementor-spacer>.elementor-spacer-inner{height:var(--container-widget-height,var(--spacer-size))}.e-con-inner>.elementor-widget-spacer.elementor-widget-empty,.e-con>.elementor-widget-spacer.elementor-widget-empty{position:relative;min-height:22px;min-width:22px}.e-con-inner>.elementor-widget-spacer.elementor-widget-empty .elementor-widget-empty-icon,.e-con>.elementor-widget-spacer.elementor-widget-empty .elementor-widget-empty-icon{position:absolute;top:0;bottom:0;left:0;right:0;margin:auto;padding:0;width:22px;height:22px}<\/style>\t\t<div class=\"elementor-spacer\">\n\t\t\t<div class=\"elementor-spacer-inner\"><\/div>\n\t\t<\/div>\n\t\t\t\t<\/div>\n\t\t\t\t<\/div>\n\t\t\t\t\t<\/div>\n\t\t<\/div>\n\t\t\t\t\t<\/div>\n\t\t<\/section>\n\t\t\t\t<section class=\"elementor-section elementor-top-section elementor-element elementor-element-b6d519d elementor-section-boxed elementor-section-height-default elementor-section-height-default\" data-id=\"b6d519d\" data-element_type=\"section\">\n\t\t\t\t\t\t<div class=\"elementor-container elementor-column-gap-default\">\n\t\t\t\t\t<div class=\"elementor-column elementor-col-100 elementor-top-column elementor-element elementor-element-8da4dea\" data-id=\"8da4dea\" data-element_type=\"column\">\n\t\t\t<div class=\"elementor-widget-wrap elementor-element-populated\">\n\t\t\t\t\t\t<div class=\"elementor-element elementor-element-4bd006b elementor-widget elementor-widget-heading\" data-id=\"4bd006b\" data-element_type=\"widget\" data-widget_type=\"heading.default\">\n\t\t\t\t<div class=\"elementor-widget-container\">\n\t\t\t<style>\/*! elementor - v3.23.0 - 25-07-2024 *\/\n.elementor-heading-title{padding:0;margin:0;line-height:1}.elementor-widget-heading .elementor-heading-title[class*=elementor-size-]>a{color:inherit;font-size:inherit;line-height:inherit}.elementor-widget-heading .elementor-heading-title.elementor-size-small{font-size:15px}.elementor-widget-heading .elementor-heading-title.elementor-size-medium{font-size:19px}.elementor-widget-heading .elementor-heading-title.elementor-size-large{font-size:29px}.elementor-widget-heading .elementor-heading-title.elementor-size-xl{font-size:39px}.elementor-widget-heading .elementor-heading-title.elementor-size-xxl{font-size:59px}<\/style><h2 class=\"elementor-heading-title elementor-size-default\">euDi\u00e1kok<\/h2>\t\t<\/div>\n\t\t\t\t<\/div>\n\t\t\t\t\t<\/div>\n\t\t<\/div>\n\t\t\t\t\t<\/div>\n\t\t<\/section>\n\t\t\t\t<section class=\"elementor-section elementor-top-section elementor-element elementor-element-a2a8b1d elementor-section-boxed elementor-section-height-default elementor-section-height-default\" data-id=\"a2a8b1d\" data-element_type=\"section\">\n\t\t\t\t\t\t<div class=\"elementor-container elementor-column-gap-default\">\n\t\t\t\t\t<div class=\"elementor-column elementor-col-50 elementor-top-column elementor-element elementor-element-c58515e\" data-id=\"c58515e\" data-element_type=\"column\">\n\t\t\t<div class=\"elementor-widget-wrap elementor-element-populated\">\n\t\t\t\t\t\t<div class=\"elementor-element elementor-element-75a2394 elementor-widget elementor-widget-text-editor\" data-id=\"75a2394\" data-element_type=\"widget\" data-widget_type=\"text-editor.default\">\n\t\t\t\t<div class=\"elementor-widget-container\">\n\t\t\t<style>\/*! elementor - v3.23.0 - 25-07-2024 *\/\n.elementor-widget-text-editor.elementor-drop-cap-view-stacked .elementor-drop-cap{background-color:#69727d;color:#fff}.elementor-widget-text-editor.elementor-drop-cap-view-framed .elementor-drop-cap{color:#69727d;border:3px solid;background-color:transparent}.elementor-widget-text-editor:not(.elementor-drop-cap-view-default) .elementor-drop-cap{margin-top:8px}.elementor-widget-text-editor:not(.elementor-drop-cap-view-default) .elementor-drop-cap-letter{width:1em;height:1em}.elementor-widget-text-editor .elementor-drop-cap{float:left;text-align:center;line-height:1;font-size:50px}.elementor-widget-text-editor .elementor-drop-cap-letter{display:inline-block}<\/style>\t\t\t\t<p>Az euDi\u00e1kok 2004 \u00f3ta Magyarorsz\u00e1g egyik legn\u00e9pszer\u0171bb \u00e9s leggyorsabban n\u00f6vekv\u0151 iskolasz\u00f6vetkezete. <span id=\"OBJ_PREFIX_DWT2191_com_zimbra_date\" class=\"Object\" role=\"link\">K<\/span>\u00fcldet\u00e9s\u00fcnk, hogy seg\u00edts\u00fcnk a di\u00e1koknak megtal\u00e1lni azokat a rugalmas \u00e9s biztons\u00e1gos munkalehet\u0151s\u00e9geket, amelyeket tanulm\u00e1nyaik mellett is v\u00e9gezhetnek. Nappali tagozatos di\u00e1kk\u00e9nt <span id=\"OBJ_PREFIX_DWT2112_com_zimbra_date\" class=\"Object\" role=\"link\"><span id=\"OBJ_PREFIX_DWT2192_com_zimbra_date\" class=\"Object\" role=\"link\">m\u00e1r 15<\/span><\/span> \u00e9ves kort\u00f3l dolgozhatsz n\u00e1lunk. Orsz\u00e1gszerte <span id=\"OBJ_PREFIX_DWT2113_com_zimbra_date\" class=\"Object\" role=\"link\"><span id=\"OBJ_PREFIX_DWT2193_com_zimbra_date\" class=\"Object\" role=\"link\">k<\/span><\/span>\u00edn\u00e1lunk v\u00e1ltozatos munk\u00e1kat a szakmai gyakornoki poz\u00edci\u00f3kt\u00f3l a kereskedelmi \u00e9s logisztikai \u00e1ll\u00e1sokig. Applik\u00e1ci\u00f3nkkal b\u00e1rhol <span id=\"OBJ_PREFIX_DWT2114_com_zimbra_date\" class=\"Object\" role=\"link\"><span id=\"OBJ_PREFIX_DWT2194_com_zimbra_date\" class=\"Object\" role=\"link\">k<\/span><\/span>\u00f6nnyen b\u00f6ng\u00e9szheted az \u00e1ll\u00e1sokat, ak\u00e1r a tart\u00f3zkod\u00e1si helyed alapj\u00e1n is.<\/p>\t\t\t\t\t\t<\/div>\n\t\t\t\t<\/div>\n\t\t\t\t\t<\/div>\n\t\t<\/div>\n\t\t\t\t<div class=\"elementor-column elementor-col-50 elementor-top-column elementor-element elementor-element-86b4b8f\" data-id=\"86b4b8f\" data-element_type=\"column\">\n\t\t\t<div class=\"elementor-widget-wrap elementor-element-populated\">\n\t\t\t\t\t\t<div class=\"elementor-element elementor-element-7003efd elementor-widget elementor-widget-image\" data-id=\"7003efd\" data-element_type=\"widget\" data-widget_type=\"image.default\">\n\t\t\t\t<div class=\"elementor-widget-container\">\n\t\t\t<style>\/*! elementor - v3.23.0 - 25-07-2024 *\/\n.elementor-widget-image{text-align:center}.elementor-widget-image a{display:inline-block}.elementor-widget-image a img[src$=\".svg\"]{width:48px}.elementor-widget-image img{vertical-align:middle;display:inline-block}<\/style>\t\t\t\t\t\t\t\t\t\t<img fetchpriority=\"high\" decoding=\"async\" width=\"640\" height=\"258\" src=\"https:\/\/allasborze.ppke.hu\/wp-content\/uploads\/2026\/03\/euDiakok-B2C-1024x412.png\" class=\"attachment-large size-large wp-image-857\" alt=\"\" srcset=\"https:\/\/allasborze.ppke.hu\/wp-content\/uploads\/2026\/03\/euDiakok-B2C-1024x412.png 1024w, https:\/\/allasborze.ppke.hu\/wp-content\/uploads\/2026\/03\/euDiakok-B2C-300x121.png 300w, https:\/\/allasborze.ppke.hu\/wp-content\/uploads\/2026\/03\/euDiakok-B2C-768x309.png 768w, https:\/\/allasborze.ppke.hu\/wp-content\/uploads\/2026\/03\/euDiakok-B2C-1536x619.png 1536w, https:\/\/allasborze.ppke.hu\/wp-content\/uploads\/2026\/03\/euDiakok-B2C-2048x825.png 2048w\" sizes=\"(max-width: 640px) 100vw, 640px\" \/>\t\t\t\t\t\t\t\t\t\t\t\t\t<\/div>\n\t\t\t\t<\/div>\n\t\t\t\t\t<\/div>\n\t\t<\/div>\n\t\t\t\t\t<\/div>\n\t\t<\/section>\n\t\t\t\t<section class=\"elementor-section elementor-top-section elementor-element elementor-element-edb3f91 elementor-section-boxed elementor-section-height-default elementor-section-height-default\" data-id=\"edb3f91\" data-element_type=\"section\">\n\t\t\t\t\t\t<div class=\"elementor-container elementor-column-gap-default\">\n\t\t\t\t\t<div class=\"elementor-column elementor-col-100 elementor-top-column elementor-element elementor-element-006d03e\" data-id=\"006d03e\" data-element_type=\"column\">\n\t\t\t<div class=\"elementor-widget-wrap elementor-element-populated\">\n\t\t\t\t\t\t<div class=\"elementor-element elementor-element-74e4f4b elementor-widget elementor-widget-heading\" data-id=\"74e4f4b\" data-element_type=\"widget\" data-widget_type=\"heading.default\">\n\t\t\t\t<div class=\"elementor-widget-container\">\n\t\t\t<h2 class=\"elementor-heading-title elementor-size-default\">Nyitott poz\u00edci\u00f3k:<\/h2>\t\t<\/div>\n\t\t\t\t<\/div>\n\t\t\t\t\t<\/div>\n\t\t<\/div>\n\t\t\t\t\t<\/div>\n\t\t<\/section>\n\t\t\t\t<section class=\"elementor-section elementor-top-section elementor-element elementor-element-698d94f elementor-section-boxed elementor-section-height-default elementor-section-height-default\" data-id=\"698d94f\" data-element_type=\"section\">\n\t\t\t\t\t\t<div class=\"elementor-container elementor-column-gap-default\">\n\t\t\t\t\t<div class=\"elementor-column elementor-col-100 elementor-top-column elementor-element elementor-element-0d5ec42\" data-id=\"0d5ec42\" data-element_type=\"column\">\n\t\t\t<div class=\"elementor-widget-wrap elementor-element-populated\">\n\t\t\t\t\t\t<div class=\"elementor-element elementor-element-31638a2 elementor-widget elementor-widget-text-editor\" data-id=\"31638a2\" data-element_type=\"widget\" data-widget_type=\"text-editor.default\">\n\t\t\t\t<div class=\"elementor-widget-container\">\n\t\t\t\t\t\t\t<ul><li>Logisztikai gyakornok<\/li><li>Anim\u00e1tor<\/li><li>Call Center \u2013 C1 n\u00e9met nyelvvizsg\u00e1val\u00a0k\u00fclf\u00f6ldi partnerhez<\/li><li>P\u00e9nz\u00fcgyi gyakornok<\/li><li>HR gyakornok<\/li><li>HR gyakornok \u2013 C1 angol nyelvvizsg\u00e1val (k\u00fclf\u00f6ldi partnerhez)<\/li><li>Vev\u0151szolg\u00e1lati munkat\u00e1rs<\/li><li>\u00c9rt\u00e9kes\u00edt\u0151<\/li><li>El\u0151k\u00e9sz\u00edt\u0151 m\u00e9rn\u00f6k<\/li><li>Biztos\u00edt\u00e1si operat\u0151r<\/li><li>Ny\u00e1ri munka (ami csak a ny\u00e1ri id\u0151szakra sz\u00f3l de nagyon n\u00e9pszer\u0171)<ul><li>Orsz\u00e1gos tank\u00f6nyvcsomagol\u00e1s<\/li><li>N\u00e9met Fesztiv\u00e1l di\u00e1kmunka<\/li><\/ul><\/li><\/ul><p><strong>Tov\u00e1bbi inform\u00e1ci\u00f3k <a href=\"https:\/\/allas.eujobs.hu\/jobs\" target=\"_blank\" rel=\"noopener\">ITT<\/a>.\u00a0<\/strong><\/p>\t\t\t\t\t\t<\/div>\n\t\t\t\t<\/div>\n\t\t\t\t\t<\/div>\n\t\t<\/div>\n\t\t\t\t\t<\/div>\n\t\t<\/section>\n\t\t\t\t<\/div>\n\t\t","protected":false},"excerpt":{"rendered":"<p>euDi\u00e1kok Az euDi\u00e1kok 2004 \u00f3ta Magyarorsz\u00e1g egyik legn\u00e9pszer\u0171bb \u00e9s leggyorsabban n\u00f6vekv\u0151 iskolasz\u00f6vetkezete. K\u00fcldet\u00e9s\u00fcnk, hogy seg\u00edts\u00fcnk a di\u00e1koknak megtal\u00e1lni azokat a rugalmas \u00e9s biztons\u00e1gos munkalehet\u0151s\u00e9geket, amelyeket tanulm\u00e1nyaik mellett is v\u00e9gezhetnek. Nappali tagozatos di\u00e1kk\u00e9nt m\u00e1r 15 \u00e9ves kort\u00f3l dolgozhatsz n\u00e1lunk. Orsz\u00e1gszerte k\u00edn\u00e1lunk v\u00e1ltozatos munk\u00e1kat a szakmai gyakornoki poz\u00edci\u00f3kt\u00f3l a kereskedelmi \u00e9s logisztikai \u00e1ll\u00e1sokig. Applik\u00e1ci\u00f3nkkal b\u00e1rhol k\u00f6nnyen b\u00f6ng\u00e9szheted az \u00e1ll\u00e1sokat, ak\u00e1r a tart\u00f3zkod\u00e1si [&hellip;]<\/p>\n","protected":false},"author":2,"featured_media":0,"parent":211,"menu_order":0,"comment_status":"closed","ping_status":"closed","template":"elementor_header_footer","meta":{"footnotes":""},"class_list":["post-927","page","type-page","status-publish","hentry"],"_links":{"self":[{"href":"https:\/\/allasborze.ppke.hu\/index.php\/wp-json\/wp\/v2\/pages\/927","targetHints":{"allow":["GET"]}}],"collection":[{"href":"https:\/\/allasborze.ppke.hu\/index.php\/wp-json\/wp\/v2\/pages"}],"about":[{"href":"https:\/\/allasborze.ppke.hu\/index.php\/wp-json\/wp\/v2\/types\/page"}],"author":[{"embeddable":true,"href":"https:\/\/allasborze.ppke.hu\/index.php\/wp-json\/wp\/v2\/users\/2"}],"replies":[{"embeddable":true,"href":"https:\/\/allasborze.ppke.hu\/index.php\/wp-json\/wp\/v2\/comments?post=927"}],"version-history":[{"count":14,"href":"https:\/\/allasborze.ppke.hu\/index.php\/wp-json\/wp\/v2\/pages\/927\/revisions"}],"predecessor-version":[{"id":1318,"href":"https:\/\/allasborze.ppke.hu\/index.php\/wp-json\/wp\/v2\/pages\/927\/revisions\/1318"}],"up":[{"embeddable":true,"href":"https:\/\/allasborze.ppke.hu\/index.php\/wp-json\/wp\/v2\/pages\/211"}],"wp:attachment":[{"href":"https:\/\/allasborze.ppke.hu\/index.php\/wp-json\/wp\/v2\/media?parent=927"}],"curies":[{"name":"wp","href":"https:\/\/api.w.org\/{rel}","templated":true}]}}