{"id":1261,"date":"2026-04-14T06:21:54","date_gmt":"2026-04-14T06:21:54","guid":{"rendered":"https:\/\/allasborze.ppke.hu\/?page_id=1261"},"modified":"2026-04-14T08:48:49","modified_gmt":"2026-04-14T08:48:49","slug":"cib-bank","status":"publish","type":"page","link":"https:\/\/allasborze.ppke.hu\/index.php\/kiallitoink\/cib-bank\/","title":{"rendered":"CIB Bank"},"content":{"rendered":"\t\t<div data-elementor-type=\"wp-page\" data-elementor-id=\"1261\" class=\"elementor elementor-1261\">\n\t\t\t\t\t\t<section class=\"elementor-section elementor-top-section elementor-element elementor-element-ea9c62f elementor-section-boxed elementor-section-height-default elementor-section-height-default\" data-id=\"ea9c62f\" data-element_type=\"section\">\n\t\t\t\t\t\t<div class=\"elementor-container elementor-column-gap-default\">\n\t\t\t\t\t<div class=\"elementor-column elementor-col-100 elementor-top-column elementor-element elementor-element-b1294ce\" data-id=\"b1294ce\" data-element_type=\"column\">\n\t\t\t<div class=\"elementor-widget-wrap elementor-element-populated\">\n\t\t\t\t\t\t<div class=\"elementor-element elementor-element-9efe3ad elementor-widget elementor-widget-spacer\" data-id=\"9efe3ad\" data-element_type=\"widget\" data-widget_type=\"spacer.default\">\n\t\t\t\t<div class=\"elementor-widget-container\">\n\t\t\t<style>\/*! elementor - v3.23.0 - 25-07-2024 *\/\n.elementor-column .elementor-spacer-inner{height:var(--spacer-size)}.e-con{--container-widget-width:100%}.e-con-inner>.elementor-widget-spacer,.e-con>.elementor-widget-spacer{width:var(--container-widget-width,var(--spacer-size));--align-self:var(--container-widget-align-self,initial);--flex-shrink:0}.e-con-inner>.elementor-widget-spacer>.elementor-widget-container,.e-con>.elementor-widget-spacer>.elementor-widget-container{height:100%;width:100%}.e-con-inner>.elementor-widget-spacer>.elementor-widget-container>.elementor-spacer,.e-con>.elementor-widget-spacer>.elementor-widget-container>.elementor-spacer{height:100%}.e-con-inner>.elementor-widget-spacer>.elementor-widget-container>.elementor-spacer>.elementor-spacer-inner,.e-con>.elementor-widget-spacer>.elementor-widget-container>.elementor-spacer>.elementor-spacer-inner{height:var(--container-widget-height,var(--spacer-size))}.e-con-inner>.elementor-widget-spacer.elementor-widget-empty,.e-con>.elementor-widget-spacer.elementor-widget-empty{position:relative;min-height:22px;min-width:22px}.e-con-inner>.elementor-widget-spacer.elementor-widget-empty .elementor-widget-empty-icon,.e-con>.elementor-widget-spacer.elementor-widget-empty .elementor-widget-empty-icon{position:absolute;top:0;bottom:0;left:0;right:0;margin:auto;padding:0;width:22px;height:22px}<\/style>\t\t<div class=\"elementor-spacer\">\n\t\t\t<div class=\"elementor-spacer-inner\"><\/div>\n\t\t<\/div>\n\t\t\t\t<\/div>\n\t\t\t\t<\/div>\n\t\t\t\t\t<\/div>\n\t\t<\/div>\n\t\t\t\t\t<\/div>\n\t\t<\/section>\n\t\t\t\t<section class=\"elementor-section elementor-top-section elementor-element elementor-element-064e25b elementor-section-boxed elementor-section-height-default elementor-section-height-default\" data-id=\"064e25b\" data-element_type=\"section\">\n\t\t\t\t\t\t<div class=\"elementor-container elementor-column-gap-default\">\n\t\t\t\t\t<div class=\"elementor-column elementor-col-100 elementor-top-column elementor-element elementor-element-3ac4845\" data-id=\"3ac4845\" data-element_type=\"column\">\n\t\t\t<div class=\"elementor-widget-wrap elementor-element-populated\">\n\t\t\t\t\t\t<div class=\"elementor-element elementor-element-29e71e6 elementor-widget elementor-widget-heading\" data-id=\"29e71e6\" data-element_type=\"widget\" data-widget_type=\"heading.default\">\n\t\t\t\t<div class=\"elementor-widget-container\">\n\t\t\t<style>\/*! elementor - v3.23.0 - 25-07-2024 *\/\n.elementor-heading-title{padding:0;margin:0;line-height:1}.elementor-widget-heading .elementor-heading-title[class*=elementor-size-]>a{color:inherit;font-size:inherit;line-height:inherit}.elementor-widget-heading .elementor-heading-title.elementor-size-small{font-size:15px}.elementor-widget-heading .elementor-heading-title.elementor-size-medium{font-size:19px}.elementor-widget-heading .elementor-heading-title.elementor-size-large{font-size:29px}.elementor-widget-heading .elementor-heading-title.elementor-size-xl{font-size:39px}.elementor-widget-heading .elementor-heading-title.elementor-size-xxl{font-size:59px}<\/style><h2 class=\"elementor-heading-title elementor-size-default\">CIB Bank<\/h2>\t\t<\/div>\n\t\t\t\t<\/div>\n\t\t\t\t\t<\/div>\n\t\t<\/div>\n\t\t\t\t\t<\/div>\n\t\t<\/section>\n\t\t\t\t<section class=\"elementor-section elementor-top-section elementor-element elementor-element-811330e elementor-section-boxed elementor-section-height-default elementor-section-height-default\" data-id=\"811330e\" data-element_type=\"section\">\n\t\t\t\t\t\t<div class=\"elementor-container elementor-column-gap-default\">\n\t\t\t\t\t<div class=\"elementor-column elementor-col-50 elementor-top-column elementor-element elementor-element-69bda5d\" data-id=\"69bda5d\" data-element_type=\"column\">\n\t\t\t<div class=\"elementor-widget-wrap elementor-element-populated\">\n\t\t\t\t\t\t<div class=\"elementor-element elementor-element-228fc52 elementor-widget elementor-widget-text-editor\" data-id=\"228fc52\" data-element_type=\"widget\" data-widget_type=\"text-editor.default\">\n\t\t\t\t<div class=\"elementor-widget-container\">\n\t\t\t<style>\/*! elementor - v3.23.0 - 25-07-2024 *\/\n.elementor-widget-text-editor.elementor-drop-cap-view-stacked .elementor-drop-cap{background-color:#69727d;color:#fff}.elementor-widget-text-editor.elementor-drop-cap-view-framed .elementor-drop-cap{color:#69727d;border:3px solid;background-color:transparent}.elementor-widget-text-editor:not(.elementor-drop-cap-view-default) .elementor-drop-cap{margin-top:8px}.elementor-widget-text-editor:not(.elementor-drop-cap-view-default) .elementor-drop-cap-letter{width:1em;height:1em}.elementor-widget-text-editor .elementor-drop-cap{float:left;text-align:center;line-height:1;font-size:50px}.elementor-widget-text-editor .elementor-drop-cap-letter{display:inline-block}<\/style>\t\t\t\t<p>A CIB Bank az Intesa Sanpaolo Csoport le\u00e1nyv\u00e1llalata. Meghat\u00e1roz\u00f3 anyabanki h\u00e1tt\u00e9rrel \u00e9s 45 \u00e9ves tapasztalattal univerz\u00e1lis hitelint\u00e9zetk\u00e9nt a kereskedelmi banki \u00e9s befektet\u00e9si szolg\u00e1ltat\u00e1sok teljes\u00a0<span id=\"OBJ_PREFIX_DWT509_com_zimbra_date\" class=\"Object\"><span id=\"OBJ_PREFIX_DWT922_com_zimbra_date\" class=\"Object\" role=\"link\"><span id=\"OBJ_PREFIX_DWT942_com_zimbra_date\" class=\"Object\" role=\"link\">k<\/span><\/span><\/span>\u00f6r\u00e9t ny\u00fajtja, amelyet le\u00e1nyv\u00e1llalata (CIB L\u00edzing) term\u00e9kei, konstrukci\u00f3i eg\u00e9sz\u00edtenek ki. A CIB Bank orsz\u00e1gos lefedetts\u00e9g\u0171 fi\u00f3kh\u00e1l\u00f3zat\u00e1val \u00e1ll rendelkez\u00e9s\u00e9re mintegy 461 ezer \u00fcgyfel\u00e9nek, mik\u00f6zben folyamatosan keresi az innovat\u00edv, \u00fcgyfeleire szabott megold\u00e1sokat. A CIB Bank szolg\u00e1ltat\u00e1sai t\u00e1rsas v\u00e1llalkoz\u00e1sok, int\u00e9zm\u00e9nyek, \u00f6nkorm\u00e1nyzatok \u00e9s egy\u00e9ni v\u00e1llalkoz\u00f3<span id=\"OBJ_PREFIX_DWT510_com_zimbra_date\" class=\"Object\"><span id=\"OBJ_PREFIX_DWT923_com_zimbra_date\" class=\"Object\" role=\"link\"><span id=\"OBJ_PREFIX_DWT943_com_zimbra_date\" class=\"Object\" role=\"link\">k<\/span><\/span><\/span>, valamint lakoss\u00e1gi \u00fcgyfelek sz\u00e1m\u00e1ra egyar\u00e1nt el\u00e9rhet\u0151<span id=\"OBJ_PREFIX_DWT511_com_zimbra_date\" class=\"Object\"><span id=\"OBJ_PREFIX_DWT924_com_zimbra_date\" class=\"Object\" role=\"link\"><span id=\"OBJ_PREFIX_DWT944_com_zimbra_date\" class=\"Object\" role=\"link\">k<\/span><\/span><\/span>. A bankfi\u00f3kok mellett rendk\u00edv\u00fcl sokf\u00e9le elektronikus csatorna is az \u00fcgyfelek rendelkez\u00e9s\u00e9re \u00e1ll p\u00e9nz\u00fcgyeik gyors \u00e9s\u00a0<span id=\"OBJ_PREFIX_DWT512_com_zimbra_date\" class=\"Object\"><span id=\"OBJ_PREFIX_DWT925_com_zimbra_date\" class=\"Object\" role=\"link\"><span id=\"OBJ_PREFIX_DWT945_com_zimbra_date\" class=\"Object\" role=\"link\">k<\/span><\/span><\/span>\u00e9nyelmes int\u00e9z\u00e9s\u00e9hez, mint p\u00e9ld\u00e1ul a CIB Bank Online, a CIB Bank Mobilalkalmaz\u00e1s vagy az eBroker inform\u00e1ci\u00f3s \u00e9s \u00e9rt\u00e9kpap\u00edr-keresked\u00e9si rendszer.<\/p>\t\t\t\t\t\t<\/div>\n\t\t\t\t<\/div>\n\t\t\t\t\t<\/div>\n\t\t<\/div>\n\t\t\t\t<div class=\"elementor-column elementor-col-50 elementor-top-column elementor-element elementor-element-9c8c640\" data-id=\"9c8c640\" data-element_type=\"column\">\n\t\t\t<div class=\"elementor-widget-wrap elementor-element-populated\">\n\t\t\t\t\t\t<div class=\"elementor-element elementor-element-e6708c7 elementor-widget elementor-widget-image\" data-id=\"e6708c7\" data-element_type=\"widget\" data-widget_type=\"image.default\">\n\t\t\t\t<div class=\"elementor-widget-container\">\n\t\t\t<style>\/*! elementor - v3.23.0 - 25-07-2024 *\/\n.elementor-widget-image{text-align:center}.elementor-widget-image a{display:inline-block}.elementor-widget-image a img[src$=\".svg\"]{width:48px}.elementor-widget-image img{vertical-align:middle;display:inline-block}<\/style>\t\t\t\t\t\t\t\t\t\t<img fetchpriority=\"high\" decoding=\"async\" width=\"640\" height=\"156\" src=\"https:\/\/allasborze.ppke.hu\/wp-content\/uploads\/2026\/04\/CIB-BANK_cmyk-1024x250.jpg\" class=\"attachment-large size-large wp-image-1270\" alt=\"\" srcset=\"https:\/\/allasborze.ppke.hu\/wp-content\/uploads\/2026\/04\/CIB-BANK_cmyk-1024x250.jpg 1024w, https:\/\/allasborze.ppke.hu\/wp-content\/uploads\/2026\/04\/CIB-BANK_cmyk-300x73.jpg 300w, https:\/\/allasborze.ppke.hu\/wp-content\/uploads\/2026\/04\/CIB-BANK_cmyk-768x188.jpg 768w, https:\/\/allasborze.ppke.hu\/wp-content\/uploads\/2026\/04\/CIB-BANK_cmyk-1536x375.jpg 1536w, https:\/\/allasborze.ppke.hu\/wp-content\/uploads\/2026\/04\/CIB-BANK_cmyk-2048x501.jpg 2048w\" sizes=\"(max-width: 640px) 100vw, 640px\" \/>\t\t\t\t\t\t\t\t\t\t\t\t\t<\/div>\n\t\t\t\t<\/div>\n\t\t\t\t\t<\/div>\n\t\t<\/div>\n\t\t\t\t\t<\/div>\n\t\t<\/section>\n\t\t\t\t<section class=\"elementor-section elementor-top-section elementor-element elementor-element-8362b12 elementor-section-boxed elementor-section-height-default elementor-section-height-default\" data-id=\"8362b12\" data-element_type=\"section\">\n\t\t\t\t\t\t<div class=\"elementor-container elementor-column-gap-default\">\n\t\t\t\t\t<div class=\"elementor-column elementor-col-100 elementor-top-column elementor-element elementor-element-5e40573\" data-id=\"5e40573\" data-element_type=\"column\">\n\t\t\t<div class=\"elementor-widget-wrap elementor-element-populated\">\n\t\t\t\t\t\t<div class=\"elementor-element elementor-element-5dd37a1 elementor-widget elementor-widget-heading\" data-id=\"5dd37a1\" data-element_type=\"widget\" data-widget_type=\"heading.default\">\n\t\t\t\t<div class=\"elementor-widget-container\">\n\t\t\t<h2 class=\"elementor-heading-title elementor-size-default\">Nyitott poz\u00edci\u00f3k:<\/h2>\t\t<\/div>\n\t\t\t\t<\/div>\n\t\t\t\t<div class=\"elementor-element elementor-element-9b01565 elementor-widget elementor-widget-text-editor\" data-id=\"9b01565\" data-element_type=\"widget\" data-widget_type=\"text-editor.default\">\n\t\t\t\t<div class=\"elementor-widget-container\">\n\t\t\t\t\t\t\t<p>A nyitott poz\u00edci\u00f3k <a href=\"https:\/\/www.cib.hu\/karrierportal\/\" target=\"_blank\" rel=\"noopener\">EZEN<\/a> a linken el\u00e9rhet\u0151k!<\/p>\t\t\t\t\t\t<\/div>\n\t\t\t\t<\/div>\n\t\t\t\t\t<\/div>\n\t\t<\/div>\n\t\t\t\t\t<\/div>\n\t\t<\/section>\n\t\t\t\t<section class=\"elementor-section elementor-top-section elementor-element elementor-element-762a5d7 elementor-section-boxed elementor-section-height-default elementor-section-height-default\" data-id=\"762a5d7\" data-element_type=\"section\">\n\t\t\t\t\t\t<div class=\"elementor-container elementor-column-gap-default\">\n\t\t\t\t\t<div class=\"elementor-column elementor-col-100 elementor-top-column elementor-element elementor-element-5ed2c95\" data-id=\"5ed2c95\" data-element_type=\"column\">\n\t\t\t<div class=\"elementor-widget-wrap elementor-element-populated\">\n\t\t\t\t\t\t<div class=\"elementor-element elementor-element-639831f elementor-widget elementor-widget-video\" data-id=\"639831f\" data-element_type=\"widget\" data-settings=\"{&quot;youtube_url&quot;:&quot;https:\\\/\\\/www.youtube.com\\\/watch?v=zsNJgYYLZkc&quot;,&quot;video_type&quot;:&quot;youtube&quot;,&quot;controls&quot;:&quot;yes&quot;}\" data-widget_type=\"video.default\">\n\t\t\t\t<div class=\"elementor-widget-container\">\n\t\t\t<style>\/*! elementor - v3.23.0 - 25-07-2024 *\/\n.elementor-widget-video .elementor-widget-container{overflow:hidden;transform:translateZ(0)}.elementor-widget-video .elementor-wrapper{aspect-ratio:var(--video-aspect-ratio)}.elementor-widget-video .elementor-wrapper iframe,.elementor-widget-video .elementor-wrapper video{height:100%;width:100%;display:flex;border:none;background-color:#000}@supports not (aspect-ratio:1\/1){.elementor-widget-video .elementor-wrapper{position:relative;overflow:hidden;height:0;padding-bottom:calc(100% \/ var(--video-aspect-ratio))}.elementor-widget-video .elementor-wrapper iframe,.elementor-widget-video .elementor-wrapper video{position:absolute;top:0;right:0;bottom:0;left:0}}.elementor-widget-video .elementor-open-inline .elementor-custom-embed-image-overlay{position:absolute;top:0;right:0;bottom:0;left:0;background-size:cover;background-position:50%}.elementor-widget-video .elementor-custom-embed-image-overlay{cursor:pointer;text-align:center}.elementor-widget-video .elementor-custom-embed-image-overlay:hover .elementor-custom-embed-play i{opacity:1}.elementor-widget-video .elementor-custom-embed-image-overlay img{display:block;width:100%;aspect-ratio:var(--video-aspect-ratio);-o-object-fit:cover;object-fit:cover;-o-object-position:center center;object-position:center center}@supports not (aspect-ratio:1\/1){.elementor-widget-video .elementor-custom-embed-image-overlay{position:relative;overflow:hidden;height:0;padding-bottom:calc(100% \/ var(--video-aspect-ratio))}.elementor-widget-video .elementor-custom-embed-image-overlay img{position:absolute;top:0;right:0;bottom:0;left:0}}.elementor-widget-video .e-hosted-video .elementor-video{-o-object-fit:cover;object-fit:cover}.e-con-inner>.elementor-widget-video,.e-con>.elementor-widget-video{width:var(--container-widget-width);--flex-grow:var(--container-widget-flex-grow)}<\/style>\t\t<div class=\"elementor-wrapper elementor-open-inline\">\n\t\t\t<div class=\"elementor-video\"><\/div>\t\t<\/div>\n\t\t\t\t<\/div>\n\t\t\t\t<\/div>\n\t\t\t\t\t<\/div>\n\t\t<\/div>\n\t\t\t\t\t<\/div>\n\t\t<\/section>\n\t\t\t\t<\/div>\n\t\t","protected":false},"excerpt":{"rendered":"<p>CIB Bank A CIB Bank az Intesa Sanpaolo Csoport le\u00e1nyv\u00e1llalata. Meghat\u00e1roz\u00f3 anyabanki h\u00e1tt\u00e9rrel \u00e9s 45 \u00e9ves tapasztalattal univerz\u00e1lis hitelint\u00e9zetk\u00e9nt a kereskedelmi banki \u00e9s befektet\u00e9si szolg\u00e1ltat\u00e1sok teljes\u00a0k\u00f6r\u00e9t ny\u00fajtja, amelyet le\u00e1nyv\u00e1llalata (CIB L\u00edzing) term\u00e9kei, konstrukci\u00f3i eg\u00e9sz\u00edtenek ki. A CIB Bank orsz\u00e1gos lefedetts\u00e9g\u0171 fi\u00f3kh\u00e1l\u00f3zat\u00e1val \u00e1ll rendelkez\u00e9s\u00e9re mintegy 461 ezer \u00fcgyfel\u00e9nek, mik\u00f6zben folyamatosan keresi az innovat\u00edv, \u00fcgyfeleire szabott megold\u00e1sokat. A CIB Bank szolg\u00e1ltat\u00e1sai t\u00e1rsas [&hellip;]<\/p>\n","protected":false},"author":2,"featured_media":0,"parent":211,"menu_order":0,"comment_status":"closed","ping_status":"closed","template":"elementor_header_footer","meta":{"footnotes":""},"class_list":["post-1261","page","type-page","status-publish","hentry"],"_links":{"self":[{"href":"https:\/\/allasborze.ppke.hu\/index.php\/wp-json\/wp\/v2\/pages\/1261","targetHints":{"allow":["GET"]}}],"collection":[{"href":"https:\/\/allasborze.ppke.hu\/index.php\/wp-json\/wp\/v2\/pages"}],"about":[{"href":"https:\/\/allasborze.ppke.hu\/index.php\/wp-json\/wp\/v2\/types\/page"}],"author":[{"embeddable":true,"href":"https:\/\/allasborze.ppke.hu\/index.php\/wp-json\/wp\/v2\/users\/2"}],"replies":[{"embeddable":true,"href":"https:\/\/allasborze.ppke.hu\/index.php\/wp-json\/wp\/v2\/comments?post=1261"}],"version-history":[{"count":8,"href":"https:\/\/allasborze.ppke.hu\/index.php\/wp-json\/wp\/v2\/pages\/1261\/revisions"}],"predecessor-version":[{"id":1273,"href":"https:\/\/allasborze.ppke.hu\/index.php\/wp-json\/wp\/v2\/pages\/1261\/revisions\/1273"}],"up":[{"embeddable":true,"href":"https:\/\/allasborze.ppke.hu\/index.php\/wp-json\/wp\/v2\/pages\/211"}],"wp:attachment":[{"href":"https:\/\/allasborze.ppke.hu\/index.php\/wp-json\/wp\/v2\/media?parent=1261"}],"curies":[{"name":"wp","href":"https:\/\/api.w.org\/{rel}","templated":true}]}}