{"id":1055,"date":"2026-04-01T05:37:57","date_gmt":"2026-04-01T05:37:57","guid":{"rendered":"https:\/\/allasborze.ppke.hu\/?page_id=1055"},"modified":"2026-04-07T09:02:36","modified_gmt":"2026-04-07T09:02:36","slug":"informacios-hivatal","status":"publish","type":"page","link":"https:\/\/allasborze.ppke.hu\/index.php\/kiallitoink\/informacios-hivatal\/","title":{"rendered":"Inform\u00e1ci\u00f3s Hivatal"},"content":{"rendered":"\t\t<div data-elementor-type=\"wp-page\" data-elementor-id=\"1055\" class=\"elementor elementor-1055\">\n\t\t\t\t\t\t<section class=\"elementor-section elementor-top-section elementor-element elementor-element-092e70b elementor-section-boxed elementor-section-height-default elementor-section-height-default\" data-id=\"092e70b\" data-element_type=\"section\">\n\t\t\t\t\t\t<div class=\"elementor-container elementor-column-gap-default\">\n\t\t\t\t\t<div class=\"elementor-column elementor-col-100 elementor-top-column elementor-element elementor-element-f368617\" data-id=\"f368617\" data-element_type=\"column\">\n\t\t\t<div class=\"elementor-widget-wrap elementor-element-populated\">\n\t\t\t\t\t\t<div class=\"elementor-element elementor-element-24c1549 elementor-widget elementor-widget-spacer\" data-id=\"24c1549\" data-element_type=\"widget\" data-widget_type=\"spacer.default\">\n\t\t\t\t<div class=\"elementor-widget-container\">\n\t\t\t<style>\/*! elementor - v3.23.0 - 25-07-2024 *\/\n.elementor-column .elementor-spacer-inner{height:var(--spacer-size)}.e-con{--container-widget-width:100%}.e-con-inner>.elementor-widget-spacer,.e-con>.elementor-widget-spacer{width:var(--container-widget-width,var(--spacer-size));--align-self:var(--container-widget-align-self,initial);--flex-shrink:0}.e-con-inner>.elementor-widget-spacer>.elementor-widget-container,.e-con>.elementor-widget-spacer>.elementor-widget-container{height:100%;width:100%}.e-con-inner>.elementor-widget-spacer>.elementor-widget-container>.elementor-spacer,.e-con>.elementor-widget-spacer>.elementor-widget-container>.elementor-spacer{height:100%}.e-con-inner>.elementor-widget-spacer>.elementor-widget-container>.elementor-spacer>.elementor-spacer-inner,.e-con>.elementor-widget-spacer>.elementor-widget-container>.elementor-spacer>.elementor-spacer-inner{height:var(--container-widget-height,var(--spacer-size))}.e-con-inner>.elementor-widget-spacer.elementor-widget-empty,.e-con>.elementor-widget-spacer.elementor-widget-empty{position:relative;min-height:22px;min-width:22px}.e-con-inner>.elementor-widget-spacer.elementor-widget-empty .elementor-widget-empty-icon,.e-con>.elementor-widget-spacer.elementor-widget-empty .elementor-widget-empty-icon{position:absolute;top:0;bottom:0;left:0;right:0;margin:auto;padding:0;width:22px;height:22px}<\/style>\t\t<div class=\"elementor-spacer\">\n\t\t\t<div class=\"elementor-spacer-inner\"><\/div>\n\t\t<\/div>\n\t\t\t\t<\/div>\n\t\t\t\t<\/div>\n\t\t\t\t\t<\/div>\n\t\t<\/div>\n\t\t\t\t\t<\/div>\n\t\t<\/section>\n\t\t\t\t<section class=\"elementor-section elementor-top-section elementor-element elementor-element-95ee915 elementor-section-boxed elementor-section-height-default elementor-section-height-default\" data-id=\"95ee915\" data-element_type=\"section\">\n\t\t\t\t\t\t<div class=\"elementor-container elementor-column-gap-default\">\n\t\t\t\t\t<div class=\"elementor-column elementor-col-100 elementor-top-column elementor-element elementor-element-1650821\" data-id=\"1650821\" data-element_type=\"column\">\n\t\t\t<div class=\"elementor-widget-wrap elementor-element-populated\">\n\t\t\t\t\t\t<div class=\"elementor-element elementor-element-6dba975 elementor-widget elementor-widget-heading\" data-id=\"6dba975\" data-element_type=\"widget\" data-widget_type=\"heading.default\">\n\t\t\t\t<div class=\"elementor-widget-container\">\n\t\t\t<style>\/*! elementor - v3.23.0 - 25-07-2024 *\/\n.elementor-heading-title{padding:0;margin:0;line-height:1}.elementor-widget-heading .elementor-heading-title[class*=elementor-size-]>a{color:inherit;font-size:inherit;line-height:inherit}.elementor-widget-heading .elementor-heading-title.elementor-size-small{font-size:15px}.elementor-widget-heading .elementor-heading-title.elementor-size-medium{font-size:19px}.elementor-widget-heading .elementor-heading-title.elementor-size-large{font-size:29px}.elementor-widget-heading .elementor-heading-title.elementor-size-xl{font-size:39px}.elementor-widget-heading .elementor-heading-title.elementor-size-xxl{font-size:59px}<\/style><h2 class=\"elementor-heading-title elementor-size-default\">Inform\u00e1ci\u00f3s Hivatal<\/h2>\t\t<\/div>\n\t\t\t\t<\/div>\n\t\t\t\t\t<\/div>\n\t\t<\/div>\n\t\t\t\t\t<\/div>\n\t\t<\/section>\n\t\t\t\t<section class=\"elementor-section elementor-top-section elementor-element elementor-element-fe67b74 elementor-section-boxed elementor-section-height-default elementor-section-height-default\" data-id=\"fe67b74\" data-element_type=\"section\">\n\t\t\t\t\t\t<div class=\"elementor-container elementor-column-gap-default\">\n\t\t\t\t\t<div class=\"elementor-column elementor-col-50 elementor-top-column elementor-element elementor-element-dce4f16\" data-id=\"dce4f16\" data-element_type=\"column\">\n\t\t\t<div class=\"elementor-widget-wrap elementor-element-populated\">\n\t\t\t\t\t\t<div class=\"elementor-element elementor-element-953397f elementor-widget elementor-widget-text-editor\" data-id=\"953397f\" data-element_type=\"widget\" data-widget_type=\"text-editor.default\">\n\t\t\t\t<div class=\"elementor-widget-container\">\n\t\t\t<style>\/*! elementor - v3.23.0 - 25-07-2024 *\/\n.elementor-widget-text-editor.elementor-drop-cap-view-stacked .elementor-drop-cap{background-color:#69727d;color:#fff}.elementor-widget-text-editor.elementor-drop-cap-view-framed .elementor-drop-cap{color:#69727d;border:3px solid;background-color:transparent}.elementor-widget-text-editor:not(.elementor-drop-cap-view-default) .elementor-drop-cap{margin-top:8px}.elementor-widget-text-editor:not(.elementor-drop-cap-view-default) .elementor-drop-cap-letter{width:1em;height:1em}.elementor-widget-text-editor .elementor-drop-cap{float:left;text-align:center;line-height:1;font-size:50px}.elementor-widget-text-editor .elementor-drop-cap-letter{display:inline-block}<\/style>\t\t\t\t<p style=\"font-weight: 400;\">Magyarorsz\u00e1gon jelenleg n\u00e9gy polg\u00e1ri nemzetbiztons\u00e1gi szolg\u00e1lat m\u0171k\u00f6dik. Az Inform\u00e1ci\u00f3s Hivatal az a nemzetbiztons\u00e1gi szolg\u00e1lat, amely a polg\u00e1ri h\u00edrszerz\u00e9ssel foglalkozik. Az \u201einform\u00e1ci\u00f3s\u201d jelz\u0151 r\u00e1vil\u00e1g\u00edt munk\u00e1nk kardin\u00e1lis elem\u00e9re:\u00a0k\u00fcl\u00f6nleges eszk\u00f6zrendszer\u00fcnkkel megszerezz\u00fck\u00a0\u00e9s elemezz\u00fck\u00a0a\u00a0k\u00fclf\u00f6ldi, vagy\u00a0k\u00fclf\u00f6ldre vonatkoz\u00f3 h\u00edreket, inform\u00e1ci\u00f3kat.<\/p><p style=\"font-weight: 400;\">Az Inform\u00e1ci\u00f3s Hivatalban magas szint\u0171 szaktud\u00e1ssal \u00e9s nyelvismerettel rendelkez\u0151 szakemberek teljes\u00edtenek szolg\u00e1latot Magyarorsz\u00e1g \u00e9rdekeinek v\u00e9delm\u00e9ben. A h\u00edrszerz\u0151 \u00e9letm\u00f3d kih\u00edv\u00e1sait tudatosan v\u00e1llal\u00f3, \u00f6sszetart\u00f3\u00a0k\u00f6z\u00f6ss\u00e9get alkotunk. Ebbe a csapatba keres\u00fcnk olyan p\u00e1lyakezd\u0151, illetve szakmai tapasztalattal m\u00e1r rendelkez\u0151 koll\u00e9g\u00e1kat, akiknek az \u00e9rdekl\u0151d\u00e9s\u00e9re sz\u00e1mot tart a\u00a0k\u00fcl- \u00e9s biztons\u00e1gpolitika, nyelveket tanulnak vagy besz\u00e9lnek, tov\u00e1bb\u00e1 szeretik a kih\u00edv\u00e1sokat.<\/p>\t\t\t\t\t\t<\/div>\n\t\t\t\t<\/div>\n\t\t\t\t\t<\/div>\n\t\t<\/div>\n\t\t\t\t<div class=\"elementor-column elementor-col-50 elementor-top-column elementor-element elementor-element-30e79ca\" data-id=\"30e79ca\" data-element_type=\"column\">\n\t\t\t<div class=\"elementor-widget-wrap elementor-element-populated\">\n\t\t\t\t\t\t<div class=\"elementor-element elementor-element-1711b6e elementor-widget elementor-widget-image\" data-id=\"1711b6e\" data-element_type=\"widget\" data-widget_type=\"image.default\">\n\t\t\t\t<div class=\"elementor-widget-container\">\n\t\t\t<style>\/*! elementor - v3.23.0 - 25-07-2024 *\/\n.elementor-widget-image{text-align:center}.elementor-widget-image a{display:inline-block}.elementor-widget-image a img[src$=\".svg\"]{width:48px}.elementor-widget-image img{vertical-align:middle;display:inline-block}<\/style>\t\t\t\t\t\t\t\t\t\t<img fetchpriority=\"high\" decoding=\"async\" width=\"640\" height=\"640\" src=\"https:\/\/allasborze.ppke.hu\/wp-content\/uploads\/2026\/04\/2025-logo-1024x1024.png\" class=\"attachment-large size-large wp-image-1057\" alt=\"\" srcset=\"https:\/\/allasborze.ppke.hu\/wp-content\/uploads\/2026\/04\/2025-logo-1024x1024.png 1024w, https:\/\/allasborze.ppke.hu\/wp-content\/uploads\/2026\/04\/2025-logo-300x300.png 300w, https:\/\/allasborze.ppke.hu\/wp-content\/uploads\/2026\/04\/2025-logo-150x150.png 150w, https:\/\/allasborze.ppke.hu\/wp-content\/uploads\/2026\/04\/2025-logo-768x768.png 768w, https:\/\/allasborze.ppke.hu\/wp-content\/uploads\/2026\/04\/2025-logo-1536x1536.png 1536w, https:\/\/allasborze.ppke.hu\/wp-content\/uploads\/2026\/04\/2025-logo-2048x2048.png 2048w\" sizes=\"(max-width: 640px) 100vw, 640px\" \/>\t\t\t\t\t\t\t\t\t\t\t\t\t<\/div>\n\t\t\t\t<\/div>\n\t\t\t\t\t<\/div>\n\t\t<\/div>\n\t\t\t\t\t<\/div>\n\t\t<\/section>\n\t\t\t\t<section class=\"elementor-section elementor-top-section elementor-element elementor-element-93c1b11 elementor-section-boxed elementor-section-height-default elementor-section-height-default\" data-id=\"93c1b11\" data-element_type=\"section\">\n\t\t\t\t\t\t<div class=\"elementor-container elementor-column-gap-default\">\n\t\t\t\t\t<div class=\"elementor-column elementor-col-100 elementor-top-column elementor-element elementor-element-9c141dd\" data-id=\"9c141dd\" data-element_type=\"column\">\n\t\t\t<div class=\"elementor-widget-wrap elementor-element-populated\">\n\t\t\t\t\t\t<div class=\"elementor-element elementor-element-769a762 elementor-widget elementor-widget-heading\" data-id=\"769a762\" data-element_type=\"widget\" data-widget_type=\"heading.default\">\n\t\t\t\t<div class=\"elementor-widget-container\">\n\t\t\t<h2 class=\"elementor-heading-title elementor-size-default\">Nyitott poz\u00edci\u00f3k:<\/h2>\t\t<\/div>\n\t\t\t\t<\/div>\n\t\t\t\t<div class=\"elementor-element elementor-element-ec6d1d9 elementor-widget elementor-widget-text-editor\" data-id=\"ec6d1d9\" data-element_type=\"widget\" data-widget_type=\"text-editor.default\">\n\t\t\t\t<div class=\"elementor-widget-container\">\n\t\t\t\t\t\t\t<p>A nyitott poz\u00edci\u00f3k <a href=\"https:\/\/karrier.ih.gov.hu\/index.php\/nyitott-poziciok\/\" target=\"_blank\" rel=\"noopener\">EZEN <\/a>a linken el\u00e9rhet\u0151k.\u00a0<\/p>\t\t\t\t\t\t<\/div>\n\t\t\t\t<\/div>\n\t\t\t\t\t<\/div>\n\t\t<\/div>\n\t\t\t\t\t<\/div>\n\t\t<\/section>\n\t\t\t\t<\/div>\n\t\t","protected":false},"excerpt":{"rendered":"<p>Inform\u00e1ci\u00f3s Hivatal Magyarorsz\u00e1gon jelenleg n\u00e9gy polg\u00e1ri nemzetbiztons\u00e1gi szolg\u00e1lat m\u0171k\u00f6dik. Az Inform\u00e1ci\u00f3s Hivatal az a nemzetbiztons\u00e1gi szolg\u00e1lat, amely a polg\u00e1ri h\u00edrszerz\u00e9ssel foglalkozik. Az \u201einform\u00e1ci\u00f3s\u201d jelz\u0151 r\u00e1vil\u00e1g\u00edt munk\u00e1nk kardin\u00e1lis elem\u00e9re:\u00a0k\u00fcl\u00f6nleges eszk\u00f6zrendszer\u00fcnkkel megszerezz\u00fck\u00a0\u00e9s elemezz\u00fck\u00a0a\u00a0k\u00fclf\u00f6ldi, vagy\u00a0k\u00fclf\u00f6ldre vonatkoz\u00f3 h\u00edreket, inform\u00e1ci\u00f3kat. Az Inform\u00e1ci\u00f3s Hivatalban magas szint\u0171 szaktud\u00e1ssal \u00e9s nyelvismerettel rendelkez\u0151 szakemberek teljes\u00edtenek szolg\u00e1latot Magyarorsz\u00e1g \u00e9rdekeinek v\u00e9delm\u00e9ben. A h\u00edrszerz\u0151 \u00e9letm\u00f3d kih\u00edv\u00e1sait tudatosan v\u00e1llal\u00f3, \u00f6sszetart\u00f3\u00a0k\u00f6z\u00f6ss\u00e9get alkotunk. Ebbe a [&hellip;]<\/p>\n","protected":false},"author":2,"featured_media":0,"parent":211,"menu_order":0,"comment_status":"closed","ping_status":"closed","template":"elementor_header_footer","meta":{"footnotes":""},"class_list":["post-1055","page","type-page","status-publish","hentry"],"_links":{"self":[{"href":"https:\/\/allasborze.ppke.hu\/index.php\/wp-json\/wp\/v2\/pages\/1055","targetHints":{"allow":["GET"]}}],"collection":[{"href":"https:\/\/allasborze.ppke.hu\/index.php\/wp-json\/wp\/v2\/pages"}],"about":[{"href":"https:\/\/allasborze.ppke.hu\/index.php\/wp-json\/wp\/v2\/types\/page"}],"author":[{"embeddable":true,"href":"https:\/\/allasborze.ppke.hu\/index.php\/wp-json\/wp\/v2\/users\/2"}],"replies":[{"embeddable":true,"href":"https:\/\/allasborze.ppke.hu\/index.php\/wp-json\/wp\/v2\/comments?post=1055"}],"version-history":[{"count":8,"href":"https:\/\/allasborze.ppke.hu\/index.php\/wp-json\/wp\/v2\/pages\/1055\/revisions"}],"predecessor-version":[{"id":1165,"href":"https:\/\/allasborze.ppke.hu\/index.php\/wp-json\/wp\/v2\/pages\/1055\/revisions\/1165"}],"up":[{"embeddable":true,"href":"https:\/\/allasborze.ppke.hu\/index.php\/wp-json\/wp\/v2\/pages\/211"}],"wp:attachment":[{"href":"https:\/\/allasborze.ppke.hu\/index.php\/wp-json\/wp\/v2\/media?parent=1055"}],"curies":[{"name":"wp","href":"https:\/\/api.w.org\/{rel}","templated":true}]}}